{"id":231,"date":"2020-07-22T13:29:39","date_gmt":"2020-07-22T11:29:39","guid":{"rendered":"https:\/\/www.alpenverein.de\/storys\/?p=231"},"modified":"2020-08-13T10:23:50","modified_gmt":"2020-08-13T08:23:50","slug":"harter-sport-am-seilbahnberg","status":"publish","type":"page","link":"https:\/\/services.alpenverein.de\/storys\/zugspitze\/harter-sport-am-seilbahnberg\/","title":{"rendered":"Harter Sport am Seilbahnberg"},"content":{"rendered":"\n<!-- F\u00fcr Besucher die die Seite, aus welchem Grund auch immer, nur ohne das Projekt gefunden haben :-) -->  \n<script type=\"text\/javascript\">\n  if(self==top){\n\tdocument.write('<p>Diese Seite ist Teil von \"200 Jahre Erstbesteigung der Zugspitze\". <a href=\"..\/\">Hier geht es zum Projekt &gt;&gt;<\/a><\/p>');\nconsole.log('wurst');\n}\n<\/script>\n\n\n\n<figure class=\"wp-block-image size-large\"><a href=\"https:\/\/www.alpenverein.de\/storys\/wp-content\/uploads\/2020\/08\/Doerte-Pietron-Daniel-Geel-Goldkaefig-Christian-Pfanzelt.jpg\"><img loading=\"lazy\" width=\"1024\" height=\"684\" src=\"https:\/\/www.alpenverein.de\/storys\/wp-content\/uploads\/2020\/08\/Doerte-Pietron-Daniel-Geel-Goldkaefig-Christian-Pfanzelt-1024x684.jpg\" alt=\"Doerte-Pietron-Daniel-Geel-Goldkaefig-Christian-Pfanzelt\" class=\"wp-image-738\" srcset=\"https:\/\/services.alpenverein.de\/storys\/wp-content\/uploads\/2020\/08\/Doerte-Pietron-Daniel-Geel-Goldkaefig-Christian-Pfanzelt-1024x684.jpg 1024w, https:\/\/services.alpenverein.de\/storys\/wp-content\/uploads\/2020\/08\/Doerte-Pietron-Daniel-Geel-Goldkaefig-Christian-Pfanzelt-300x200.jpg 300w, https:\/\/services.alpenverein.de\/storys\/wp-content\/uploads\/2020\/08\/Doerte-Pietron-Daniel-Geel-Goldkaefig-Christian-Pfanzelt-768x513.jpg 768w, https:\/\/services.alpenverein.de\/storys\/wp-content\/uploads\/2020\/08\/Doerte-Pietron-Daniel-Geel-Goldkaefig-Christian-Pfanzelt-570x380.jpg 570w, https:\/\/services.alpenverein.de\/storys\/wp-content\/uploads\/2020\/08\/Doerte-Pietron-Daniel-Geel-Goldkaefig-Christian-Pfanzelt.jpg 1200w\" sizes=\"(max-width: 1024px) 100vw, 1024px\" \/><\/a><figcaption>D\u00f6rte Pietron und Daniel Gebel in der Route &#8222;Goldk\u00e4fig&#8220; an den Riffelk\u00f6pfen \u00fcber dem H\u00f6llental, Foto: Christian Pfanzelt<\/figcaption><\/figure>\n\n\n\n<p>Nicht nur rund eine halbe Million Seilbahng\u00e4ste lassen sich von der Zugspitze faszinieren. Auch ernsthafte Bergsteiger finden dort genug Bet\u00e4tigungsm\u00f6glichkeiten. So haben es f\u00fcnf Routen am Massiv unter die neoklassischen \u201eLonglines\u201c (Adi Stocker, Panico Verlag) geschafft: \u201eWetterkante\u201c (950 Hm, V-, Gebr\u00fcder Haff 1908), \u201eZwischen den Toren\u201c (1000 Hm, VII-, Gr\u00fcbler\/Spielmann 2006), \u201eTherapie\u201c (800 Hm, VIII, Noichl\/Schwarzmann\/Baur 2009), \u201eAquaria\u201c (800 Hm, VII, Schwarzmann\/K\u00fchn\/Strube\/Baur 2010) und die Direkte Nordwand des Hochwanner (1400 Hm, VI-, Bauer\/Gruber 1923).<\/p>\n\n\n\n<figure class=\"wp-block-image size-large\"><a href=\"https:\/\/www.alpenverein.de\/storys\/wp-content\/uploads\/2020\/07\/Wilhelm-Welzenbach-DAV-Archiv.jpg\"><img loading=\"lazy\" width=\"751\" height=\"1024\" src=\"https:\/\/www.alpenverein.de\/storys\/wp-content\/uploads\/2020\/07\/Wilhelm-Welzenbach-DAV-Archiv-751x1024.jpg\" alt=\"\" class=\"wp-image-353\" srcset=\"https:\/\/services.alpenverein.de\/storys\/wp-content\/uploads\/2020\/07\/Wilhelm-Welzenbach-DAV-Archiv-751x1024.jpg 751w, https:\/\/services.alpenverein.de\/storys\/wp-content\/uploads\/2020\/07\/Wilhelm-Welzenbach-DAV-Archiv-220x300.jpg 220w, https:\/\/services.alpenverein.de\/storys\/wp-content\/uploads\/2020\/07\/Wilhelm-Welzenbach-DAV-Archiv-768x1047.jpg 768w, https:\/\/services.alpenverein.de\/storys\/wp-content\/uploads\/2020\/07\/Wilhelm-Welzenbach-DAV-Archiv-1127x1536.jpg 1127w, https:\/\/services.alpenverein.de\/storys\/wp-content\/uploads\/2020\/07\/Wilhelm-Welzenbach-DAV-Archiv-570x777.jpg 570w, https:\/\/services.alpenverein.de\/storys\/wp-content\/uploads\/2020\/07\/Wilhelm-Welzenbach-DAV-Archiv.jpg 1168w\" sizes=\"(max-width: 751px) 100vw, 751px\" \/><\/a><figcaption>Wilhelm &#8222;Willo&#8220; Welzenbach, 1934, Foto: DAV-Archiv<\/figcaption><\/figure>\n\n\n\n<p>Der ber\u00fchmte Eiskletterer Willo Welzenbach er\u00f6ffnete 1925 in diversen W\u00e4nden des Zugspitzmassivs fast ein Dutzend Kletterrouten; auch sonst finden sich hier etliche bekannte Namen wie Schober, Peters, Eidenschink, Henke, Hillmaier, H\u00e4rter und Gilgenrainer. In den 1990er Jahren zog der Bigwallexperte Thomas Tivadar fast jeden Winter eine wilde Mixedlinie durch die Nordabbr\u00fcche; Michi Wohlleben fand 2014 mit Fritz Miller die Mixedroute \u201eDornr\u00f6schen\u201c (1100 m, 50\u00b0, VII-, M5) am Wetterwandeck. 2018 \u00fcberkletterte Wohlleben den gesamten \u201eWettersteingrat\u201c (Wettersteinspitzen \u2013 Dreitorspitzen \u2013 Sch\u00fcsselkarspitze \u2013 Teufelsgrat \u2013 Zugspitze \u2013 Hochblassen \u2013 Blassengrat) mit 7000 H\u00f6henmetern und 70 Kilometern in 40 Stunden.<\/p>\n\n\n\n<iframe src=\"https:\/\/www.youtube.com\/embed\/y0LZ1bK_By4\" allow=\"accelerometer; autoplay; encrypted-media; gyroscope; picture-in-picture\" allowfullscreen=\"\" height=\"300\" frameborder=\"0\"><\/iframe>\n\n\n\n<p>Wilde Felsw\u00e4nde stehen beidseits des H\u00f6llentals; Stefan Glowacz projektiert an der Schwarzen Wand schon l\u00e4nger eine Linie, die den elften Grad streifen k\u00f6nnte; D\u00f6rte Pietron und Daniel Gebel haben 2019 und 2020 an den Riffelk\u00f6pfen zwei Mehrseill\u00e4ngenrouten im zehnten Grad er\u00f6ffnet.<\/p>\n\n\n\n<p><\/p>\n","protected":false},"excerpt":{"rendered":"<p>Nicht nur rund eine halbe Million Seilbahng\u00e4ste lassen sich von der Zugspitze faszinieren. Auch ernsthafte Bergsteiger finden dort genug Bet\u00e4tigungsm\u00f6glichkeiten. So haben es f\u00fcnf Routen am Massiv unter die neoklassischen \u201eLonglines\u201c (Adi Stocker, Panico Verlag) geschafft: \u201eWetterkante\u201c (950 Hm, V-, Gebr\u00fcder Haff 1908), \u201eZwischen den Toren\u201c (1000 Hm, VII-, Gr\u00fcbler\/Spielmann 2006), \u201eTherapie\u201c (800 Hm, VIII, [&hellip;]<\/p>\n","protected":false},"author":2,"featured_media":0,"parent":206,"menu_order":0,"comment_status":"closed","ping_status":"closed","template":"template-popup.php","meta":[],"_links":{"self":[{"href":"https:\/\/services.alpenverein.de\/storys\/wp-json\/wp\/v2\/pages\/231"}],"collection":[{"href":"https:\/\/services.alpenverein.de\/storys\/wp-json\/wp\/v2\/pages"}],"about":[{"href":"https:\/\/services.alpenverein.de\/storys\/wp-json\/wp\/v2\/types\/page"}],"author":[{"embeddable":true,"href":"https:\/\/services.alpenverein.de\/storys\/wp-json\/wp\/v2\/users\/2"}],"replies":[{"embeddable":true,"href":"https:\/\/services.alpenverein.de\/storys\/wp-json\/wp\/v2\/comments?post=231"}],"version-history":[{"count":35,"href":"https:\/\/services.alpenverein.de\/storys\/wp-json\/wp\/v2\/pages\/231\/revisions"}],"predecessor-version":[{"id":959,"href":"https:\/\/services.alpenverein.de\/storys\/wp-json\/wp\/v2\/pages\/231\/revisions\/959"}],"up":[{"embeddable":true,"href":"https:\/\/services.alpenverein.de\/storys\/wp-json\/wp\/v2\/pages\/206"}],"wp:attachment":[{"href":"https:\/\/services.alpenverein.de\/storys\/wp-json\/wp\/v2\/media?parent=231"}],"curies":[{"name":"wp","href":"https:\/\/api.w.org\/{rel}","templated":true}]}}